it of 1319?
3
What is the tens digit of 4697?
9
What is the tens digit of 15?
1
What is the units digit of 49254?
4
What is the thousands digit of 16312?
6
What is the units digit of 34008?
8
What is the thousands digit of 38876?
8
What is the thousands digit of 109182?
9
What is the hundred thousands digit of 105698?
1
What is the thousands digit of 2111?
2
What is the tens digit of 2012?
1
What is the tens digit of 10936?
3
What is the tens digit of 2550?
5
What is the units digit of 1033?
3
What is the hundreds digit of 8721?
7
What is the hundreds digit of 258?
2
What is the hundreds digit of 47989?
9
What is the units digit of 2491?
1
What is the thousands digit of 118085?
8
What is the tens digit of 23213?
1
What is the thousands digit of 66559?
6
What is the tens digit of 48165?
6
What is the units digit of 75?
5
What is the hundreds digit of 15996?
9
What is the thousands digit of 1731?
1
What is the thousands digit of 59573?
9
What is the hundreds digit of 4793?
7
What is the ten thousands digit of 10917?
1
What is the thousands digit of 1151?
1
What is the thousands digit of 8843?
8
What is the units digit of 3198?
8
What is the thousands digit of 12578?
2
What is the hundreds digit of 946?
9
What is the tens digit of 45993?
9
What is the hundreds digit of 36003?
0
What is the units digit of 843?
3
What is the units digit of 4731?
1
What is the tens digit of 617?
1
What is the hundreds digit of 10897?
8
What is the tens digit of 1991?
9
What is the hundreds digit of 3032?
0
What is the tens digit of 43077?
7
What is the hundreds digit of 596?
5
What is the hundreds digit of 1176?
1
What is the tens digit of 6968?
6
What is the hundreds digit of 22986?
9
What is the units digit of 356?
6
What is the units digit of 9303?
3
What is the units digit of 1561?
1
What is the units digit of 5551?
1
What is the thousands digit of 2504?
2
What is the ten thousands digit of 28047?
2
What is the thousands digit of 16768?
6
What is the units digit of 38050?
0
What is the units digit of 3876?
6
What is the thousands digit of 3708?
3
What is the thousands digit of 92359?
2
What is the tens digit of 1288?
8
What is the hundreds digit of 55729?
7
What is the hundreds digit of 868?
8
What is the ten thousands digit of 21616?
2
What is the tens digit of 22749?
4
What is the units digit of 2778?
8
What is the hundreds digit of 26376?
3
What is the units digit of 3362?
2
What is the tens digit of 49737?
3
What is the units digit of 5929?
9
What is the thousands digit of 15174?
5
What is the units digit of 68?
8
What is the hundreds digit of 2898?
8
What is the hundred thousands digit of 101124?
1
What is the tens digit of 19810?
1
What is the units digit of 1185?
5
What is the thousands digit of 149447?
9
What is the hundreds digit of 7365?
3
What is the tens digit of 433?
3
What is the units digit of 2262?
2
What is the units digit of 7106?
6
What is the tens digit of 43016?
1
What is the ten thousands digit of 19856?
1
What is the tens digit of 73?
7
What is the units digit of 3381?
1
What is the thousands digit of 3682?
3
What is the hundreds digit of 16656?
6
What is the tens digit of 25554?
5
What is the tens digit of 325?
2
What is the hundreds digit of 251?
2
What is the hundreds digit of 3723?
7
What is the units digit of 1333?
3
What is the tens digit of 4163?
6
What is the tens digit of 400?
0
What is the units digit of 1105?
5
What is the thousands digit of 26921?
6
What is the thousands digit of 30581?
0
What is the tens digit of 1847?
4
What is the hundreds digit of 6219?
2
What is the thousands digit of 2124?
2
What is the units digit of 29634?
4
What is the tens digit of 31478?
7
What is the tens digit of 17675?
7
What is the hundreds digit of 357?
3
What is the hundreds digit of 1763?
7
What is the units digit of 30309?
9
What is the hundreds digit of 3905?
9
What is the hundreds digit of 8561?
5
What is the hundreds digit of 1744?
7
What is the tens digit of 13833?
3
What is the units digit of 1256?
6
What is the tens digit of 936?
3
What is the ten thousands digit of 10696?
1
What is the tens digit of 19024?
2
What is the tens digit of 12288?
8
What is the ten thousands digit of 22377?
2
What is the hundreds digit of 13191?
1
What is the tens digit of 651?
5
What is the thousands digit of 8177?
8
What is the thousands digit of 47397?
7
What is the hundreds digit of 8444?
4
What is the ten thousands digit of 16007?
1
What is the units digit of 9374?
4
What is the units digit of 17070?
0
What is the tens digit of 77786?
8
What is the tens digit of 1166?
6
What is the units digit of 1155?
5
What is the thousands digit of 44654?
4
What is the units digit of 1074?
4
What is the ten thousands digit of 77285?
7
What is the hundreds digit of 3097?
0
What is the thousands digit of 3982?
3
What is the units digit of 3288?
8
What is the thousands digit of 3428?
3
What is the hundreds digit of 9341?
3
What is the units digit of 40442?
2
What is the hundreds digit of 46958?
9
What is the hundreds digit of 398?
3
What is the units digit of 13098?
8
What is the units digit of 1594?
4
What is the tens digit of 73399?
9
What is the units digit of 30921?
1
What is the hundreds digit of 9569?
5
What is the tens digit of 1266?
6
What is the units digit of 28041?
1
What is the units digit of 3113?
3
What is the units digit of 2025?
5
What is the units digit of 3996?
6
What is the thousands digit of 101728?
1
What is the hundreds digit of 924?
9
What is the hundreds digit of 29441?
4
What is the tens digit of 1200?
0
What is the thousands digit of 7577?
7
What is the hundreds digit of 186?
1
What is the hundreds digit of 803?
8
What is the tens digit of 270?
7
What is the hundreds digit of 2271?
2
What is the units digit of 26914?
4
What is the ten thousands digit of 25697?
2
What is the thousands digit of 1842?
1
What is the tens digit of 4534?
3
What is the hundreds digit of 3978?
9
What is the ten thousands digit of 19106?
1
What is the tens digit of 20491?
9
What is the thousands digit of 45934?
5
What is the tens digit of 1623?
2
What is the ten thousands digit of 11361?
1
What is the tens digit of 116?
1
What is the tens digit of 1794?
9
What is the thousands digit of 7718?
7
What is the units digit of 3255?
5
What is the units digit of 9100?
0
What is the hundreds digit of 1564?
5
What is the tens digit of 270?
7
What is the hundreds digit of 1139?
1
What is the units digit of 628?
8
What is the hundreds digit of 993?
9
What is the tens digit of 4864?
6
What is the hundred thousands digit of 108557?
1
What is the thousands digit of 78800?
8
What is the tens digit of 3461?
6
What is the units digit of 1873?
3
What is the units digit of 4213?
3
What is the units digit of 5011?
1
What is the thousands digit of 13077?
3
What is the units digit of 90?
0
What is the thousands digit of 87188?
7
What is the units digit of 629?
9
What is the hundreds digit of 5370?
3
What is the thousands digit of 12434?
2
What is the units digit of 422?
2
What is the tens digit of 3638?
3
What is the thousands digit of 21058?
1
What is the tens digit of 3702?
0
What is the units digit of 2074?
4
What is the thousands digit of 42023?
2
What is the hundreds digit of 3533?
5
What is the ten thousands digit of 16348?
1
What is the ten thousands digit of 39925?
3
What is the units digit of 2514?
4
What is the tens digit of 163969?
6
What is the thousands digit of 8313?
8
What is the ten thousands digit of 37861?
3
What is the units digit of 70242?
2
What is the tens digit of 4136?
3
What is the units digit of 1018?
8
What is the units digit of 305?
5
What is the units digit of 5733?
3
What is the ten thousands digit of 66676?
6
What is the hundreds digit of 141805?
8
What is the units digit of 94?
4
What is the tens digit of 831?
3
What is the units digit of 1090?
0
What is the hundreds digit of 701?
7
What is the ten thousands digit of 10050?
1
What is the units digit of 12555?
5
What is the ten thousands digit of 78862?
7
What is the thousands digit of 17488?
7
What is the hundreds digit of 4992?
9
What is the ten thousands digit of 39070?
3
What is the thousands digit of 14452?
4
What is the thousands digit of 62340?
2
What is the tens digit of 712?
1
What is the tens digit